be the first derivative of 20*g - 27 + 1/2*g**2. Calculate j(-15).
5
Suppose 0*i = i + s, 5*s = -20. Let m(u) = 29 + i*u - 30 - 3*u. Let w = 3 + -8. Give m(w).
-6
Let k(a) be the second derivative of -a**3 - 2*a**2 + a. Suppose 2 = 2*m + 4*t, -5*m + 612 = 2*t + 623. Calculate k(m).
14
Let j(s) = -s - 17519 + 17518 - 2*s**2 - s**3 - 9*s + 13*s**2. Calculate j(10).
-1
Let l(j) = 0 + j + 2 + 3. Let y(d) = -366*d + 60017. Let v be y(164). Calculate l(v).
-2
Let d be (-5)/35 - (0 - 388/(-28)). Let o = d - -7. Let g(m) = m + 6. Let p(w) = w + 6. Let q(y) = 3*g(y) - 2*p(y). Give q(o).
-1
Let a(l) be the second derivative of -5*l**3/6 - l. Let m be (2 + 11 - -1)/((-16)/(-8)). Suppose 25 = -5*k, -k + 2*k + 19 = -m*w. Give a(w).
10
Let r(q) = -2*q**2 + 6*q + 12. Let s be r(0). Let w(z) = z**2 - 18*z + 76. Determine w(s).
4
Suppose 0 = 10*l + 1245 - 5955. Let f = l + -477. Let r(v) be the first derivative of -v**4/4 - 5*v**3/3 + 7*v**2/2 - 4*v - 1. Give r(f).
-10
Let o(w) = -11*w**2 - w. Let y = -21 + 138. Let b = -112 + y. Suppose -17*s - b = -12*s. Determine o(s).
-10
Let s(f) = -f**2 - 6*f - 1. Let k be s(-5). Suppose -19 = -4*t - 5*g - 5, 3*t - k*g - 26 = 0. Let q(p) = 6 - 17*p + 24*p - 8*p. Determine q(t).
0
Let n(j) = 1 - 1820*j**2 + 12 - j**3 + 4*j + 1815*j**2 + 2*j. Determine n(-6).
13
Let c be -13 + 6 - (-4 - 1). Let v(h) = 32*h**3 + 15*h**2 + 21*h + 10. Let o(d) = 6*d**3 + 3*d**2 + 4*d + 2. Let x(k) = 11*o(k) - 2*v(k). Calculate x(c).
-6
Let h(j) = -11*j + 19. Let f(t) = -16*t + 28. Let d be ((-15)/(-3) - -5)/(6/(-3)). Let n(c) = d*f(c) + 7*h(c). Calculate n(2).
-1
Let x(k) = 19*k + 19. Let q(f) = -22*f - 18. Let b(s) = -4*q(s) - 5*x(s). What is b(-5)?
12
Suppose -4*b + 7*b + a = 12, -4*b = 5*a - 5. Let l(j) = j**2 - 9*j. Calculate l(b).
-20
Let r(d) = 25*d - 7*d + d**3 - 12*d**2 - 2467 + 1223 + 1214. What is r(11)?
47
Suppose 2*b = 2*c, 4*c - b = -5*b + 40. Let u(q) = q + 0*q - c*q**2 - 8*q - q**3 - 4 - q**2. Let r(l) = l**2 + 57*l + 207. Let x be r(-53). Give u(x).
6
Let n(d) = -d + 2. Let p(t) be the second derivative of -t**4/12 - 13*t**3/6 + 10*t**2 + 13*t. Let w = 3 + -17. Let y be p(w). Give n(y).
-4
Let b(s) = -s**3 + 8*s**2 + 10*s + 11. Let n(f) = 21*f - 33. Let o be n(2). Determine b(o).
20
Let i(m) = -m**3 - m**2 + 36*m + 41. Let u be i(-6). Let y(b) = 4*b - 10. Determine y(u).
10
Let f(j) = j**2 + 7*j. Let b = -102 + 114. Let v be (-6)/b + ((-171)/(-6))/1. Let k be (-8)/v + (2 - (-204)/(-21)). Give f(k).
8
Suppose -483*x + 89 = -394*x. Let o(p) = p**2 - 4*p + 4. What is o(x)?
1
Let r(c) = c**3 + 18*c**2 - 4*c - 83. Let y = 25749 - 25767. Determine r(y).
-11
Let q(n) = -12*n - 230 + 695 - 230 - 227. Determine q(-5).
68
Let l be ((-605)/44 + 14)*20. Let w(b) be the second derivative of 7/2*b**2 - 1/3*b**4 + 1/20*b**5 + 0 - 7/6*b**3 - l*b. Give w(5).
-3
Let y(g) = -g + 1. Let p be y(-5). Let i(h) = 2*h**3 - 42*h**2 - 3*h + 65. Let n be i(21). Let b(s) = -1741*s + n + 1742*s - 8. Calculate b(p).
0
Let m(l) = -4*l + 55. Let a = -4070 - -4083. Give m(a).
3
Suppose 0 = 4*z - 2*h - 4, 2*h - 11 = -z. Let n be ((-6)/4 - -1)*(6 - 8). Let o(f) = -6*f**2 + f**3 + n - z + 5. Determine o(6).
3
Let z(o) be the third derivative of -o**6/120 - o**5/60 + o**4/8 + o**3/2 - o**2 + 81*o. Determine z(0).
3
Let x be (25/(-5) - 2) + 12. Suppose 15 = -x*r + 5. Let f(g) = -4*g**2 - 3*g - 3. What is f(r)?
-13
Let v(f) = -1 - 5*f + 23 - f + 0*f + 0*f. Give v(4).
-2
Let u(o) = 3*o - 3. Let n(g) = 12*g - 13. Let m(p) = -2*n(p) + 9*u(p). Suppose -2*y + y = 3*b + 15, b - 3*y - 5 = 0. Determine m(b).
-13
Let l be (-26)/117 - (120/27)/(-2). Let c be (-5)/(5/l) + (1 - 4). Let n(o) = -19*o**3 + 4 - 6*o**2 - 20*o**3 + 38*o**3 - 4*o + 0. Give n(c).
-1
Let y be ((-84)/(-35))/((-6)/(-10)). Suppose -6*n + 3*n + 3 = 0, -g = y*n - 5. Let k(v) = 4*v + 2. Calculate k(g).
6
Let v(t) = -t**2 - t - t + 16 + 0*t - 11. Let d be -3 + ((-22)/(-77))/(3/(-21)). Calculate v(d).
-10
Let u(l) = -l - 33. Let f be (0 + -57)*((-455)/1911 + (-4)/(-7)). What is u(f)?
-14
Let n(t) be the second derivative of -73*t**3/3 + 654*t**2 + 2*t + 2810. What is n(9)?
-6
Let j(t) be the first derivative of -t**7/840 + t**6/180 - t**4/12 - 71*t**3 + 110. Let d(f) be the third derivative of j(f). Give d(0).
-2
Suppose 0 = 4*o - 3*o - 4*f - 13, -o - 27 = 4*f. Let y = 60 - 57. Let u(j) = -4*j + y*j + 19 + 2*j - 10. Determine u(o).
2
Let z(h) = -43*h**3 + 5*h**2 - 5*h + 7. Let b(q) = 36*q**3 - 5*q**2 + 4*q - 6. Let c(p) = -6*b(p) - 5*z(p). Determine c(4).
21
Suppose 5*u + 7 = -3*g + 50, -30 = -4*u + 2*g. Let j(w) = -3*w**2 + 20*w + 31. What is j(u)?
-1
Let m(k) = 6*k**2 - 3*k + 13. Let i(a) = 35*a**2 - 17*a + 66. Let z(q) = 2*i(q) - 11*m(q). Determine z(-3).
28
Let w = -382 + 373. Let b be (10/w*-6)/(14/(-21)). Let j(n) = -n**3 - 10*n**2 - n - 8. Determine j(b).
2
Let s(w) = 2*w**3 - w**2 - 4*w + 2. Suppose -90*t = 4*u - 88*t + 18, u + t = -6. Calculate s(u).
-49
Let r(o) = -o**3 + 2*o**2 - 2*o - 2. Let q = 12 - 6. Let l be -9 - (-29 + 22 - (-2 + 1)). Let t = q + l. Give r(t).
-17
Let j(z) = 6*z + 2 - 29*z**2 + 42*z**2 - 9*z**2. Give j(-2).
6
Let x(p) = p**3 - 36*p**2 + 18*p - 42. Let f be x(38). Let i(k) = -3*k + f - 3538 + 2*k. Determine i(-12).
4
Let f(n) = 2*n**3 - 12*n**2 - 9*n + 9. Let j be ((-12 + -12)/(-3))/((-4)/(-3)). Give f(j).
-45
Let g be (-2)/9 + 92/9. Let d(f) be the second derivative of f**3/3 - 6*f**2 + 4*f - 307. What is d(g)?
8
Let n(c) be the third derivative of 1/24*c**4 + 0 + 1/120*c**6 - 7/60*c**5 + 4/3*c**3 - 3*c - 24*c**2. Calculate n(7).
15
Let b(t) be the third derivative of t**8/20160 + t**7/1008 + t**6/144 + 43*t**5/60 - t**3/3 - 11*t**2. Let k(u) be the third derivative of b(u). What is k(-4)?
1
Let s(p) be the first derivative of -115*p**2/2 + 1608*p - 2848. Determine s(14).
-2
Let c(q) = -q + 2. Let z(d) = -4*d**3 - 24*d**2 - 12. Let k(x) = -5*x**3 - 25*x**2 - 12. Let r(w) = 3*k(w) - 4*z(w). Let y be r(-21). What is c(y)?
-10
Let y(p) = 3*p - 3. Let k(h) = 6*h - 7. Let a(d) = 6*k(d) - 14*y(d). Suppose 34*u - 39*u = 880. Let f = u - -174. What is a(f)?
12
Suppose 4*j - s + 88 = 0, -9*j - 30 = -7*j + 3*s. Let x(k) = k**3 + 22*k**2 + 20*k - 19. Calculate x(j).
2
Let t(k) = k**2 + 11*k + 12. Let n(h) = h**3 + 18*h**2 + 3. Let v be n(-18). Let s be (-2 + 5)*(-8 + v + 2). Give t(s).
-6
Suppose 0 = -3*r - r + 28. Let o(u) = -7*u**2 - 22*u + 11. Let z(i) = -12*i**2 - 40*i + 21. Let b(h) = 7*o(h) - 4*z(h). What is b(r)?
-14
Let c(l) = 0*l + 30*l - 27*l + 13 - l**2 + l. Let s(p) = -3*p + 1. Let w(u) = -c(u) + s(u). Suppose 0 = -8*b + 3*b + 45. Determine w(b).
6
Let b(r) = -3*r**2 - r + 1. Let m(y) = y**3 - 15*y**2 + y - 4. Let p(s) = 2*b(s) - m(s). Give p(9).
-21
Suppose -m + 91 = -194. Let g(i) = 282 - 5*i + 2*i - 3*i - m. Calculate g(-2).
9
Let r(q) = -8 - 28 - 11 + 53 + 40*q. Give r(1).
46
Suppose k + 5*h = -k + 11, 8 = -k + 2*h. Let b be 7 + (-5 - k) + 4. Let l(y) = y**2 + 0 + 64*y - 70*y - 8. Give l(b).
8
Let b(i) = i - 2. Let x be b(8). Let q(m) = 443*m + 501*m + 11 - 945*m. Give q(x).
5
Let m(p) = 929*p**2 - 445*p**2 - 6*p**3 - 450*p**2 + 5*p**3 + 4 - 34*p. What is m(33)?
-29
Let s(y) = -y**3 - 9*y**2 + 12. Let t be s(-9). Let a(j) = 5*j**3 - t*j**3 + 9*j + 3 + 0*j**3 - 8*j**2 + 8*j**3. What is a(7)?
17
Let w(n) = -n + 3. Let z be w(0). Suppose z*o + 96 = 2*o. Let v be (-2)/(-6) - (o/18)/(-4). Let h(t) = 7*t**2 - 2*t - 1. Determine h(v).
8
Let r(l) be the third derivative of -3/2*l**3 + 0 - 1/24*l**5 + l**2 + 0*l + 1/6*l**4. Let x(a) be the first derivative of r(a). Determine x(-3).
19
Suppose 25*p = 21*p. Let i be 9*(-7)/21*(p - -1). Let n(g) = -3*g**2 + 2*g. Calculate n(i).
-33
Let t(s) = 2*s**3 - 2*s**3 + 3039*s - 3033*s - 4*s**2 - 3*s**3. Calculate t(1).
-1
Let i(g) = -g**2 + 2. Let n(o) be the second derivative of o**4/6 - 5*o**3/6 - 9*o**2/2 + 10*o. Let j be n(-2). Suppose 0 = 13*x - j*x. Determine i(x).
2
Let y(h) = 2*h - 4. Let n be y(4). Let r(v) = 1 - 5*v**2 + 0 + v - n*v**2. Suppose -7762*i = -3921*i - 3891*i - 50. Give r(i).
-9
Let z(f) = f. Let y be z(9). Suppose 49 = y*l - 2*l. Let q(h) = -4*h + h**2 - h + l - 15. Give q(7).
6
Let x(c) = c**3 - 5*c**2 - 7*c + 8. Let d be x(6). Let z(o) = 12*o + 4*o**2 - 8*o**2 - 4*o**d + o**3 - 2*o**2 + 1. What is z(9)?
28
Suppose